sor of 678 and s?
226
Let h = -11870 + 12231. Calculate the highest common divisor of h and 399.
19
Suppose -99 = -4*n + 5. Let i = 127 + 81. What is the greatest common divisor of i and n?
26
Let p be (-181)/(-1086) - (-382)/12. What is the greatest common factor of 88 and p?
8
Suppose -5*d - 4*z - 11 = 0, 2*d + 4 = -d - 5*z. Let o be 3/(d/8*-2). Let v be ((-74)/o - -1)*(-88)/10. What is the highest common divisor of v and 14?
14
Let l be 960/(-16)*10/(-90)*633. What is the highest common factor of 260 and l?
20
Suppose 15*b = 14*b + 21. Suppose -b*s + 16 = -17*s. Suppose 2*r - 4*d = -r + 75, r = -s*d + 25. What is the highest common divisor of r and 5?
5
Let x = -36138 + 36301. What is the highest common factor of 6031 and x?
163
Suppose 0 = -20*i + 15*i - d + 1166, 5*i - 1182 = 3*d. What is the greatest common divisor of i and 234?
234
Let j = 8 - 10. Let v be ((-5)/2 - -2)*(0 + j). What is the highest common factor of v and 8?
1
Let t = -830 + 833. Suppose -4*w = 3*p - 544, 1 = t*w - 2. Calculate the highest common factor of p and 240.
60
Suppose 81459 = 54*y + 11151. Calculate the highest common divisor of y and 504.
42
Let w be -8*(81/2)/(-3). Suppose -2*y + 92 = -5*r, 2*y - 52 = -604*r + 599*r. Calculate the greatest common factor of w and y.
36
Suppose 9758 = 217*t - 41888. Calculate the highest common factor of t and 1139.
17
Let r(i) = 32*i - 6. Let u be r(10). Let t = u - 226. Calculate the highest common factor of 8 and t.
8
Suppose -3*k + 52 = -k. Suppose 3*n - 22 = 5*b + k, 0 = 2*n + 3*b - 32. Suppose -40*c + 336 = -37*c. Calculate the greatest common divisor of n and c.
16
Suppose 10*m + 2574 = -1176. Let l be (-1)/((-5)/(m/(-2)))*2. What is the greatest common divisor of l and 3?
3
Suppose 26*u + 720 - 2826 = 0. Suppose 0 = u*d - 76*d - 470. Calculate the greatest common divisor of d and 47.
47
Suppose 4*s - 3*p = -0*p + 13, 2*s - 5*p = -11. Suppose -5*l = -4*h + 844, -5*h = -s*h + 2*l + 424. What is the greatest common factor of h and 8?
8
Let x(d) = -d**2 + 25*d + 111. Let q be x(29). Let p be (-5)/(-1) + 21 - (q + 1). What is the greatest common factor of 42 and p?
6
Let s = -37 + 45. Let z(m) = m**2 - 6*m + 11. Let g be z(s). Suppose -g*x + 8 = -26*x. What is the greatest common divisor of x and 56?
8
Let r(m) = 29*m - 149. Let o be r(5). Let a be ((-894)/12)/(o - 284/(-72)). What is the highest common divisor of 9 and a?
9
Let r(n) = -4*n - 140. Let g be r(-35). Let v be (60/(-35) - g)/(18/(-189)). Calculate the greatest common divisor of 78 and v.
6
Let r(s) = -s**2 - 137*s - 4611. Let f be r(-65). Let d(w) = w**3 + 6*w**2 + 3*w - 7. Let x be d(-5). Calculate the greatest common factor of x and f.
3
Suppose 35420 - 61212 = -7*u + 78970. What is the greatest common factor of 14 and u?
14
Suppose 122*k - 124*k + 8 = 0. Suppose 3*g = -k + 175. Let p be (1 + 515 - 1) + -2. What is the highest common divisor of p and g?
57
Suppose 0 = 12*l - 7*l - 3*t - 393, 0 = 5*t + 5. Suppose 8*f - 398 = -l. Calculate the highest common factor of 320 and f.
40
Suppose 0 = 189*g - 187*g - 5*q - 205, -g + 115 = -5*q. What is the greatest common divisor of g and 1125?
45
Let b(x) = -x**3 + 49*x**2 + 27*x - 532. Let g be b(49). Calculate the highest common factor of g and 113.
113
Let p(v) = 11*v**2 + 47*v - 24. Let n be p(-8). What is the greatest common factor of 944 and n?
16
Let t = -53312 - -96762. Let c be t/210 - 6/(-63). What is the highest common factor of 23 and c?
23
Let h = -2480 - -1401. Let g = h - -287. Let l be ((-20)/15)/(4/g). Calculate the greatest common factor of l and 24.
24
Let a = -2593 + 3748. Suppose 7*w = 5159 - a. Calculate the highest common factor of 13 and w.
13
Let y = 2298 + -2106. What is the highest common factor of 2368 and y?
64
Let x(n) = -n + 39. Let o be x(-9). Suppose 4*y = -0 - o. Let i be (-12)/(-1)*(-112)/y. Calculate the greatest common factor of i and 16.
16
Let k be 0*(-6 - 91/(-14)). Suppose 5*t + k*t + b = 105, -2*b = 0. What is the greatest common factor of 483 and t?
21
Suppose g = -5*d + 526 + 153, -5*g - 5*d = -3395. What is the greatest common factor of 873 and g?
97
Suppose -k - 102 = -2*x, 5*x - 4*k - 360 = -102. What is the greatest common divisor of 4525 and x?
25
Suppose s + 4*p = -2*s - 8, 4*s - 10 = 5*p. Let o be (-1 + s)/((-5)/(-1260)*2). Let t be o/(-14) + -4 + 1. Calculate the highest common factor of t and 102.
6
Let o = 4466 - 4151. What is the greatest common factor of o and 14?
7
Let q(c) = -415*c - 307. Let f be q(-28). What is the greatest common divisor of f and 54?
27
Let r be 0/(-3)*-1 + -3. Let a be (-1)/(4/540*r). Suppose -2*v + 13 = 3*n - 40, 0 = -3*v + 12. What is the greatest common divisor of a and n?
15
Suppose 174*h - 703 = 155*h. Let d = 6 - 8. Let x(u) = 29*u**2 + 5*u + 5. Let c be x(d). What is the greatest common divisor of h and c?
37
Let o = -51 - -51. Suppose t + 2*y - 6 - 22 = o, -2*y - 84 = -3*t. Suppose 0 = 4*k + 89 - 145. Calculate the highest common factor of t and k.
14
Let q = -10365 + 10463. Calculate the greatest common factor of q and 42.
14
Let x(s) = 23*s**3 - s - 5 - 18*s - 22*s**3 + 14*s**2 + 5. Let p be x(-15). What is the greatest common divisor of 160 and p?
20
Let s = -170 + 173. Suppose 16*f - 5265 = s*f. Calculate the greatest common divisor of f and 45.
45
Suppose 2*j + 7*w - 909 = 12*w, -4*j - w = -1763. Calculate the highest common factor of j and 1.
1
Suppose 406 = 4*n + 5*f, 3*n - f = 120 + 175. Let o = -67 + n. Suppose -g - 4 = 0, 3*x = 2*x - g. What is the greatest common factor of o and x?
4
Suppose v = -4, -3*v = 3*a - 24296 - 35986. What is the greatest common factor of a and 26?
26
Suppose 5*y = -279 + 1889. Let s = 402 - y. Calculate the greatest common divisor of 200 and s.
40
Suppose -3*o - 5*j + 5 = 0, 609*o = 606*o + 3*j + 21. What is the greatest common divisor of o and 5690?
5
Let c(o) = -o**3 + 28*o**2 + 29*o + 71. Let z be c(29). Let f = z - 35. Suppose -45 = -9*s + f. Calculate the greatest common divisor of 36 and s.
9
Let m(f) be the third derivative of f**4/12 + 29*f**3/2 + 12*f**2. Let j be m(0). Let n = j - 39. What is the highest common divisor of 32 and n?
16
Let r = -213 - 34. Let a = r + 537. Calculate the highest common divisor of a and 58.
58
Suppose 0 = 473*b - 471*b - 10. Calculate the highest common divisor of 29 and b.
1
Suppose 0 = 2*w + w + t - 44, -1 = t. Suppose 22*b - 46*b + 75*b - 6375 = 0. What is the highest common divisor of w and b?
5
Suppose 3*m + 201 - 1167 = 0. Suppose 78*k = -3842 + 13426 + 4768. What is the greatest common factor of m and k?
46
Suppose -362 + 330 = -8*i. Let d be 2/4 - (-262)/4. Suppose 0*t - 2*r = -5*t + d, 36 = 2*t - i*r. Calculate the greatest common factor of t and 24.
12
Let a(s) = -2*s**2 + 163*s - 44. Let g be a(77). Calculate the greatest common factor of 143 and g.
11
Suppose 0 = 5*c + 3*k - 278, 2*c = -23*k + 20*k + 113. Calculate the greatest common divisor of c and 341.
11
Let g(q) = 646*q**3 + 5*q - 6. Let j be g(1). What is the highest common factor of j and 516?
129
Suppose -46574 + 437 = -13*d. Calculate the highest common divisor of 21 and d.
21
Let a(d) = 13146*d + 21. Let r be a(1). Suppose 3*v - 14*v + r = 0. Calculate the highest common factor of 63 and v.
63
Suppose 4*d - 4*a = 32, 0 = d - 4*a - 0*a - 17. Suppose d*j - 3*j - 8 = 0. Let q be (0 + 3)/(((-72)/(-12))/12). What is the highest common divisor of q and j?
2
Suppose v = 6*v - 25. Let k(f) = -v + 8 + 22*f + 9. Let h be k(3). What is the greatest common divisor of 39 and h?
39
Suppose 24*v - 14*v - 7600 = 0. Let p be v/18 + (-7)/((-315)/(-10)). Calculate the highest common factor of 63 and p.
21
Suppose -590*o = -159*o + 136*o - 1701. Let m(j) = 89*j - 1. Let c be m(2). What is the highest common factor of o and c?
3
Let c = 92 - -4. Let f = -7495 + 7519. Calculate the greatest common divisor of f and c.
24
Let r(v) = v**3 + 48*v**2 - 44*v + 267. Let l be r(-49). Calculate the greatest common factor of l and 10.
2
Suppose -3*s + 4*s = 4*k + 72, 322 = 5*s - k. Suppose t - 2*t - 188 = -4*z, 4*t - s = -z. What is the highest common divisor of 624 and z?
48
Suppose 2*m + 3*m = k + 852, -2*m + k + 339 = 0. Suppose 4*r = 5*w - 4036 + 4017, 0 = -2*w + 22. What is the highest common factor of r an